8
What is the ten thousands digit of 3825977?
2
What is the thousands digit of 143796?
3
What is the ten thousands digit of 678395?
7
What is the hundreds digit of 2117506?
5
What is the thousands digit of 1080793?
0
What is the hundred thousands digit of 3439729?
4
What is the millions digit of 1266907?
1
What is the tens digit of 154440?
4
What is the ten thousands digit of 11329724?
2
What is the thousands digit of 4824752?
4
What is the millions digit of 1033748?
1
What is the hundreds digit of 254019?
0
What is the hundreds digit of 337396?
3
What is the thousands digit of 31387?
1
What is the millions digit of 3255006?
3
What is the tens digit of 164310?
1
What is the ten thousands digit of 106771?
0
What is the millions digit of 1024655?
1
What is the units digit of 2320603?
3
What is the hundreds digit of 375887?
8
What is the millions digit of 2162223?
2
What is the thousands digit of 147712?
7
What is the tens digit of 7122127?
2
What is the ten thousands digit of 11642444?
4
What is the millions digit of 6989628?
6
What is the ten thousands digit of 9185449?
8
What is the tens digit of 480113?
1
What is the ten thousands digit of 3526192?
2
What is the thousands digit of 215630?
5
What is the millions digit of 6956261?
6
What is the hundreds digit of 2262026?
0
What is the ten thousands digit of 226592?
2
What is the tens digit of 6394333?
3
What is the hundreds digit of 121380?
3
What is the hundred thousands digit of 3906275?
9
What is the units digit of 381413?
3
What is the hundreds digit of 1907495?
4
What is the thousands digit of 51391?
1
What is the units digit of 188365?
5
What is the ten millions digit of 42339912?
4
What is the tens digit of 549871?
7
What is the ten thousands digit of 7153882?
5
What is the tens digit of 7342660?
6
What is the millions digit of 1656109?
1
What is the ten thousands digit of 11804669?
0
What is the millions digit of 1101540?
1
What is the hundreds digit of 19288?
2
What is the thousands digit of 44583?
4
What is the tens digit of 505561?
6
What is the hundred thousands digit of 9434325?
4
What is the hundred thousands digit of 1230950?
2
What is the millions digit of 2577695?
2
What is the units digit of 866241?
1
What is the units digit of 15462089?
9
What is the hundreds digit of 1667047?
0
What is the ten thousands digit of 452485?
5
What is the millions digit of 5208959?
5
What is the thousands digit of 78557?
8
What is the units digit of 1785412?
2
What is the ten thousands digit of 576381?
7
What is the tens digit of 236332?
3
What is the ten thousands digit of 197438?
9
What is the units digit of 205926?
6
What is the thousands digit of 1846636?
6
What is the thousands digit of 3354842?
4
What is the hundreds digit of 271096?
0
What is the hundreds digit of 49052?
0
What is the hundred thousands digit of 837422?
8
What is the ten thousands digit of 397277?
9
What is the hundred thousands digit of 114887?
1
What is the ten thousands digit of 1329765?
2
What is the hundred thousands digit of 9805217?
8
What is the hundred thousands digit of 211653?
2
What is the thousands digit of 493574?
3
What is the hundred thousands digit of 251420?
2
What is the thousands digit of 2413086?
3
What is the units digit of 1077202?
2
What is the millions digit of 5681287?
5
What is the hundred thousands digit of 5829132?
8
What is the tens digit of 284954?
5
What is the tens digit of 528763?
6
What is the ten thousands digit of 555675?
5
What is the ten millions digit of 23288557?
2
What is the tens digit of 234292?
9
What is the ten millions digit of 26072640?
2
What is the hundreds digit of 17032191?
1
What is the millions digit of 1133658?
1
What is the ten thousands digit of 87946?
8
What is the hundred thousands digit of 18081897?
0
What is the ten thousands digit of 304479?
0
What is the ten thousands digit of 849598?
4
What is the tens digit of 4234557?
5
What is the units digit of 7841453?
3
What is the tens digit of 2143580?
8
What is the tens digit of 139101?
0
What is the tens digit of 329129?
2
What is the tens digit of 1194764?
6
What is the thousands digit of 205480?
5
What is the hundreds digit of 9757585?
5
What is the ten thousands digit of 2705824?
0
What is the ten thousands digit of 16741459?
4
What is the ten thousands digit of 3917830?
1
What is the tens digit of 147995?
9
What is the millions digit of 5808859?
5
What is the ten thousands digit of 2514743?
1
What is the hundreds digit of 669884?
8
What is the millions digit of 3973138?
3
What is the hundreds digit of 35823956?
9
What is the thousands digit of 291868?
1
What is the thousands digit of 3758832?
8
What is the hundred thousands digit of 349806?
3
What is the hundreds digit of 4511052?
0
What is the hundreds digit of 298005?
0
What is the hundred thousands digit of 241018?
2
What is the hundred thousands digit of 101309?
1
What is the tens digit of 2742291?
9
What is the thousands digit of 252123?
2
What is the thousands digit of 214351?
4
What is the ten thousands digit of 25681935?
8
What is the ten millions digit of 27122924?
2
What is the thousands digit of 596903?
6
What is the ten thousands digit of 12630999?
3
What is the hundreds digit of 82408?
4
What is the millions digit of 2823818?
2
What is the tens digit of 307681?
8
What is the thousands digit of 1686883?
6
What is the thousands digit of 882379?
2
What is the ten thousands digit of 664636?
6
What is the hundreds digit of 641591?
5
What is the hundreds digit of 8913367?
3
What is the tens digit of 632122?
2
What is the millions digit of 1955165?
1
What is the ten thousands digit of 398846?
9
What is the hundred thousands digit of 279870?
2
What is the hundreds digit of 5034952?
9
What is the hundred thousands digit of 9036764?
0
What is the millions digit of 23566293?
3
What is the tens digit of 1382060?
6
What is the hundreds digit of 313156?
1
What is the tens digit of 136740?
4
What is the millions digit of 13365230?
3
What is the hundred thousands digit of 4949331?
9
What is the hundreds digit of 307528?
5
What is the hundreds digit of 10175211?
2
What is the ten thousands digit of 3313422?
1
What is the ten thousands digit of 250381?
5
What is the hundreds digit of 1155679?
6
What is the thousands digit of 1245090?
5
What is the units digit of 4787095?
5
What is the hundreds digit of 458927?
9
What is the units digit of 23663501?
1
What is the hundred thousands digit of 3343512?
3
What is the thousands digit of 67098?
7
What is the hundred thousands digit of 182304?
1
What is the thousands digit of 247842?
7
What is the hundreds digit of 6644792?
7
What is the units digit of 7704119?
9
What is the units digit of 77757?
7
What is the tens digit of 645016?
1
What is the tens digit of 488953?
5
What is the hundred thousands digit of 33002600?
0
What is the hundreds digit of 23541837?
8
What is the millions digit of 1616653?
1
What is the hundreds digit of 212860?
8
What is the hundred thousands digit of 109715?
1
What is the thousands digit of 9113413?
3
What is the hundred thousands digit of 2409440?
4
What is the tens digit of 6398209?
0
What is the units digit of 6248202?
2
What is the hundreds digit of 348626?
6
What is the thousands digit of 40822336?
2
What is the thousands digit of 1919068?
9
What is the tens digit of 4088613?
1
What is the thousands digit of 11644?
1
What is the hundred thousands digit of 459198?
4
What is the units digit of 72329?
9
What is the ten thousands digit of 65162?
6
What is the hundreds digit of 5385553?
5
What is the millions digit of 2232083?
2
What is the units digit of 355876?
6
What is the tens digit of 917580?
8
What is the tens digit of 9243568?
6
What is the hundred thousands digit of 7293653?
2
What is the ten thousands digit of 5922651?
2
What is the units digit of 782411?
1
What is the hundred thousands digit of 2140638?
1
What is the ten thousands digit of 15923850?
2
What is the hundred thousands digit of 25150979?
1
What is the tens digit of 394080?
8
What is the millions digit of 30262101?
0
What is the hundred thousands digit of 498374?
4
What is the thousands digit of 134896?
4
What is the thousands digit of 124693?
4
What is the thousands digit of 1232662?
2
What is the ten thousands digit of 89